 - 2*c + 25*c**3. What is n(-2)?
-6
Let p be (-3)/2*2 - -1. Let b(s) be the first derivative of -s**2 - s - 5. What is b(p)?
3
Let u(y) = 3*y + 1 + 1 - 3. Let t be u(2). Suppose i = t*i. Let z(m) = -m**2 - 4. Give z(i).
-4
Let r = -19 - -19. Let q(o) = o**2 - o + 5. What is q(r)?
5
Let p(q) = -2*q - 7. Let f be p(-3). Let h(i) = -9*i - 1. Calculate h(f).
8
Let z = 1 - -1. Suppose 0 = -2*w + z*a + 2, -5*w - 2*a + 9 = -6*a. Suppose 3*k + 7 = -w. Let q(j) = j**2 + 5*j + 3. Give q(k).
-1
Let z(q) = -q**2 + 4*q - 2. Let w be 3*(16/6)/2. Let t be z(w). Let g(m) = -m**3 - 2*m**2 + m - 1. Give g(t).
-3
Let m(s) = -s**3 + 4*s**2 + 3. Let x(v) = -v**2 - 6*v - 6. Let c be x(-4). Suppose 0 = -3*j + 6*j - 3, -3*j + 11 = c*g. Give m(g).
3
Let x(v) = -v**2 + 2*v + 1. Let h(u) = 4*u**2 - 5*u - 4. Let o(b) = 2*h(b) + 7*x(b). What is o(-4)?
-1
Let u be (12/(-10))/((-6)/15). Let n(s) = s**2 - s + u*s - 3*s - 3 + 5*s. Let x be (80/(-24))/((-2)/(-3)). Give n(x).
2
Let u(l) = l**2 + l + 5. Let a be u(0). Let c(h) = h**2 - 3 - h + a*h**3 + 4 + h**3 - h**3. What is c(1)?
6
Suppose -19*l + 176 = -3*l. Let k(z) = -z + 1. Give k(l).
-10
Let q(t) = -1 - 5*t**3 - 2*t**2 + 4*t + t**2 + 4*t**3. Let j(d) = d**2 - 5*d - 1. Let k be j(3). Let f = k - -4. What is q(f)?
5
Let j(d) = d**3 + d**2 - 9*d + 1. Let w(n) = n - 1. Let q(c) = -j(c) - 4*w(c). Let k = 18 - 12. Suppose k = -4*b - 6. What is q(b)?
6
Let x(v) = -6*v**2 + 6*v - 20. Let y(c) = c**2 - c + 4. Let u(s) = 2*x(s) + 11*y(s). Let r(n) be the first derivative of u(n). Give r(4).
-7
Suppose 3*w - 13 + 1 = 0. Let g(f) be the second derivative of -3/2*f**2 + 0 + 5/6*f**3 - 1/20*f**5 + 1/6*f**w - 3*f. Calculate g(3).
3
Let g(h) = -h**3 + 6*h**2 - 3. Let z be g(6). Let v(i) be the second derivative of -i**4/6 - 2*i**3/3 + i**2/2 - i. Give v(z).
-5
Suppose -3*c - 2 - 4 = 0, 2*c = -3*q + 11. Let s(w) be the first derivative of -1 + 1/2*w**2 + w. Determine s(q).
6
Let c(t) = -3*t - 4. Let v(l) = -7*l - 9. Let b = 2 - -1. Suppose -5*n - 2*o + 33 = 0, n - 26 + 9 = -b*o. Let w(q) = n*c(q) - 2*v(q). What is w(-4)?
2
Let b(r) = -r**2 + 9*r - 4. Let j be b(8). Suppose -j*u = u. Let m(z) = z**2 + z - 2. Calculate m(u).
-2
Let c(n) be the first derivative of -n**2/2 + 3*n + 4. Let l be c(8). Let k(o) = -o**3 - 6*o**2 - 5*o + 4. Give k(l).
4
Let i be 6*(2/3 + 0). Let m(p) be the third derivative of p**6/120 - p**5/15 + p**4/24 - 3*p**2. Determine m(i).
4
Let u = 1 + 3. Let w(h) = u + h - 2 - 4. What is w(3)?
1
Let o(u) = u**2 - 5*u. Suppose -25 = -4*m + x, -4*x = 2*m + 6 + 4. Give o(m).
0
Let n(y) = -y**3 - y**2 - 7. Let p be 2/(-10) + (-15)/(-75). What is n(p)?
-7
Let r(n) be the third derivative of n**6/360 + n**4/8 + n**2. Let w(f) be the second derivative of r(f). Calculate w(4).
8
Let x be 0/(3*(-3)/(-9)). Let z(w) = -4*w**2 + 3*w**2 + w**3 + x*w**2. Let i(b) = b**2 + 3*b + 2. Let l be i(-3). Determine z(l).
4
Suppose -5*p = 2*u - 19, -3*u + 14 = u + 2*p. Let k(w) = -3*w - 4*w**2 + w - 5*w + 2 + 3*w**u. Determine k(-6).
8
Let a = 62 + -67. Let b(d) be the second derivative of d**5/20 + d**4/2 + d**3 + 2*d**2 - d. Give b(a).
-1
Let g(s) = s**2 + 5*s + 2. Let j be (-8)/(-12) - (-16)/3. Suppose 2*d + j = -2. Calculate g(d).
-2
Let i be ((-2 - -6) + -7)*-1. Suppose c + 0*c + 5 = 2*g, -4*g = i*c - 15. Let r(o) = 3*o. Give r(c).
3
Let s(i) = i**3 + i**2 - i - 1. Let x(a) = -5*a**3 + 5*a + 2. Let g(q) = -6*s(q) - x(q). Give g(-6).
-2
Let s(c) = -c - 8. Let g = 1 + 4. Suppose 7 + g = 2*p. What is s(p)?
-14
Let m(a) = -a + 7. Suppose 18*x + 4*x = -132. Give m(x).
13
Let p(o) = 10*o - 3*o - 1 - 1 - 3. Give p(4).
23
Let p(q) = 3*q - 4 - 8*q + q. Suppose -3*b = 4*r + 9, 4*r - 5*b + 16 + 1 = 0. What is p(r)?
8
Let d(r) be the second derivative of -r**5/20 + r**2/2 + 2*r. Calculate d(0).
1
Let x(q) be the first derivative of q**5/60 + q**4/4 + 5*q**3/6 + q**2 - 4. Let l(b) be the second derivative of x(b). Calculate l(-4).
-3
Let p(r) = -r**3 + 2*r**2 + 8*r + 2. Let u be p(4). Let l(t) be the second derivative of 1/12*t**4 + 0 - 2*t - 1/2*t**3 + t**2. Determine l(u).
0
Let a(s) = -s**3 + 4*s**2 - 1. Let o be 15/(20/(-4)) - -7. Determine a(o).
-1
Let p(f) = -f**2 - f - 1. Let o(l) = l**2 - 8*l + 6. Suppose 0 = 3*w - 23 + 2. Let h be o(w). Give p(h).
-1
Let p(x) be the third derivative of -x**4/4 - x**2. Suppose j + 3*n = -7, j - 2*n - 5 = n. Calculate p(j).
6
Let u(g) be the second derivative of -g**3/3 + 7*g**2/2 + 13*g. What is u(5)?
-3
Let a(u) = 5*u**2 - 5*u + 8. Let g(f) = 12*f**2 - 11*f + 17. Let q(p) = 7*a(p) - 3*g(p). What is q(-5)?
-10
Let y = -21 - -22. Let n(m) = -5*m. Give n(y).
-5
Suppose 0 = -5*u + u + 8. Let j = u - 1. Let f(o) = -o**3 + 3*o + 1. Let k(h) = -h**3 + 4*h + 1. Let c(b) = -5*f(b) + 4*k(b). Give c(j).
1
Let v(h) be the third derivative of h**4/8 - 2*h**3/3 + 14*h**2. Determine v(2).
2
Let m(s) = 4*s. Let d(o) = o + 3. Suppose 4*z + 12 = 0, u - z - 1 = -0. Let x = -6 - u. Let w be d(x). Determine m(w).
-4
Let r(o) be the first derivative of o**2/2 + 9. Give r(-5).
-5
Let x(c) = 3*c - 13. Let a(n) = -4*n + 11. Let h(z) = -2*a(z) - 3*x(z). Determine h(8).
9
Let a = 12 + -8. Let z(s) = -s**3 + 3*s**2 - s - 2. Let d be z(2). Let c(y) = 0 + 6 + d - y. Determine c(a).
2
Let x(i) = i**3 + 5*i**2 + i - 4. Suppose 4 = -2*j - 2. Give x(j).
11
Let r(l) be the third derivative of l**5/60 - l**4/6 + l**3/2 + 19*l**2. Determine r(4).
3
Let c(b) = -2*b + 10. Let q(d) = d**2 + 4*d - 5. Let y(w) = -6*w**2 + w + 1. Let l be y(-1). Let k be q(l). Let i be c(k). Let z(f) = 2*f + 4. Determine z(i).
-4
Suppose -4*i + 24 = 4*c, -2*i = 3*i - 5. Let o(t) = -c + 5 - t. Let h(g) = -g**2 + 1. Let n be h(0). What is o(n)?
-1
Let b = -1 - -2. Let u(l) be the first derivative of 4*l**3/3 - l + 8. Give u(b).
3
Let t(x) = -x - 4*x + 5*x - 2*x. What is t(-3)?
6
Let x = 7 - 4. Suppose -3*i + 6 = 4*g - 2*i, -3*i = -3*g - x. Let c(z) = -z + z + 5*z - g - 4*z. Calculate c(2).
1
Suppose -2*h = 2*m - m - 3, -m + 3*h = -13. Let y(t) = -t**3 + 8*t**2 - 3*t - 3. Calculate y(m).
25
Let i(g) = g**3 - 4*g + 62*g**2 - 2*g**3 - 59*g**2. Calculate i(4).
-32
Let i(r) = r**2 - 2*r - 3. Let b be 17/4 - 7/28. Suppose 3*y - b = 5*y. What is i(y)?
5
Let l(r) = -r**3 + 6*r**2 + r + 3. Suppose 2*k = -2*z + 12, 14 = 2*k + z + 2. What is l(k)?
9
Let u be -3*(3 + 453/(-9)). Let v(d) = 0*d + 147 + 2*d - u. Give v(-4).
-3
Suppose -2*h = 3*h - 10. Let y be -2 + h + 0 - 3. Let x(c) = c**2 + c. Give x(y).
6
Let z(u) be the first derivative of u**3/3 - 3*u**2/2 + 6*u - 2. Calculate z(4).
10
Let y(i) be the third derivative of i**6/60 - i**5/30 + i**4/24 - i**3/6 - 19*i**2. Calculate y(2).
9
Suppose k + 4*k = 4*f - 7, k = 5*f + 7. Let n(i) = 0 - 3 - i**2 + 2 - 3*i. Calculate n(k).
-1
Let i be 1/(3/((-15)/(-1))). Let q(s) be the second derivative of -s**4/12 + 7*s**3/6 + s**2 + 23*s. Calculate q(i).
12
Let o(g) be the third derivative of g**5/60 + g**4/24 - g**3/6 + 2*g**2. Let v = 11 + -9. Determine o(v).
5
Let g(k) = k**3 - 7*k**2 + 2*k + 3. Let t(q) = 4*q**3 - 29*q**2 + 9*q + 11. Let d(a) = 9*g(a) - 2*t(a). What is d(5)?
5
Let f(n) = -n**2 + 5*n - 2. Suppose 16*z = 13*z + 6. What is f(z)?
4
Let b(n) = n - 7. Suppose 5*f - 10 = -0, -5*q = f - 27. What is b(q)?
-2
Let w(f) = f**3 - 7*f**2 + 7*f - 3. Let k(m) = -58*m + 3*m**2 + m**2 + 59*m + m**3. Let c be k(-3). What is w(c)?
3
Let d(o) = 3*o - 2. Let j(z) be the second derivative of 2*z + 0 - 2/3*z**3 + 0*z**2. Let v be j(-1). Calculate d(v).
10
Let n(x) = -1. Let y(j) = -j - 31. Let t(o) = 15. Let r(d) = 7*t(d) + 3*y(d). Let p(z) = -6*n(z) - r(z). Let k = -7 - -11. Give p(k).
6
Let s(u) = -3*u**2 - u + 2. Let l(o) = -8*o**2 - 3*o + 5. Let g(m) = 4*l(m) - 11*s(m). Give g(2).
0
Let m be (-28)/6 + (-2)/(-3). Let h(q) be the first derivative of -q**3/3 - q**2/2 - 6. What is h(m)?
-12
Let y(l) = l**2 + l + 1. Let m(d) = d**3 + d**2 - 1. Let k(q) = m(q) + 3*y(q). Let f = -1 + 0. Let h(u) = u**2 + u. Let z(w) = f*k(w) + h(w). Give z(-3).
4
Let d be (0 - (-1 - 1))*2. Let m be (0 - -3)/(d - 3). Let j(g) = -g**3 + 2*g**2 + 3*g + 2. Determine j(m).
2
Let y(d) = 2*d**2 - 12*d - 2. Let c(z) = z**2 - z - 1. Let h(p) = 3*c(p) - y(p). Give h(-7).
-15
Let l(r) = -4*r**2 + 2*r + 2. Let o be (4/8)/((-1)/(-18)). Suppose 0 = 2*u + 3 + o. Let w be 12